{"id":3674,"date":"2026-02-02T12:23:43","date_gmt":"2026-02-02T11:23:43","guid":{"rendered":"https:\/\/mit-menschen-wuppertal.de\/?post_type=termin&#038;p=3674"},"modified":"2026-02-02T12:23:44","modified_gmt":"2026-02-02T11:23:44","slug":"disco","status":"publish","type":"termin","link":"https:\/\/mit-menschen-wuppertal.de\/leicht\/termin\/disco\/","title":{"rendered":"Disco"},"content":{"rendered":"\n<p>Gemeinsam wollen wir das Ladenlokal rocken. DJ Nameless legt wieder bei Mit-Menschen auf. Jeder ist willkommen und wir freuen uns \u00fcber wilde Tanzeinlagen und leckere Getr\u00e4nke.<\/p>\n\n\n\n<p>Vor Ort sind keine Assistenzen anwesend, wenn Hilfe gebraucht wird stehen wir aber gerne zur Verf\u00fcgung.<\/p>\n\n\n\n<p>Wir freuen uns gemeinsam mit Euch zu feiern!<\/p>\n\n\n\n<p><strong>Kosten: <\/strong><\/p>\n\n\n\n<p>5,- Euro Eintritt \/ Begleitpersonen haben freien Eintritt<\/p>\n\n\n\n<p><strong>Mitbringen:<\/strong> <\/p>\n\n\n\n<p>etwas Taschengeld (Getr\u00e4nke sind gegen eine kleine Geb\u00fchr an der \u201cBar\u201d erh\u00e4ltlich)<\/p>\n\n\n\n<p><strong>Treffpunkt: <\/strong><\/p>\n\n\n\n<p>Ladenlokal \u201cmittendrin\u201d Friedrich-Ebert Str. 89<\/p>\n","protected":false},"excerpt":{"rendered":"<p>Gemeinsam wollen wir das Ladenlokal rocken. DJ Nameless legt wieder bei Mit-Menschen auf. Jeder ist willkommen und wir freuen uns \u00fcber wilde Tanzeinlagen und leckere Getr\u00e4nke. Vor Ort sind keine Assistenzen anwesend, wenn Hilfe gebraucht wird stehen wir aber gerne zur Verf\u00fcgung. Wir freuen uns gemeinsam mit Euch zu feiern! Kosten: 5,- Euro Eintritt \/&#8230;<\/p>\n","protected":false},"author":6,"featured_media":0,"parent":0,"template":"","meta":{"_acf_changed":false,"_kad_blocks_custom_css":"","_kad_blocks_head_custom_js":"","_kad_blocks_body_custom_js":"","_kad_blocks_footer_custom_js":"","_kad_post_transparent":"","_kad_post_title":"","_kad_post_layout":"","_kad_post_sidebar_id":"","_kad_post_content_style":"","_kad_post_vertical_padding":"","_kad_post_feature":"","_kad_post_feature_position":"","_kad_post_header":false,"_kad_post_footer":false,"_kad_post_classname":"","footnotes":""},"categories":[],"tags":[],"class_list":["post-3674","termin","type-termin","status-publish","hentry"],"acf":[],"taxonomy_info":[],"featured_image_src_large":false,"author_info":{"display_name":"Katharina.Scheil","author_link":"https:\/\/mit-menschen-wuppertal.de\/leicht\/author\/katharina-scheil\/"},"comment_info":"","_links":{"self":[{"href":"https:\/\/mit-menschen-wuppertal.de\/leicht\/wp-json\/wp\/v2\/termin\/3674","targetHints":{"allow":["GET"]}}],"collection":[{"href":"https:\/\/mit-menschen-wuppertal.de\/leicht\/wp-json\/wp\/v2\/termin"}],"about":[{"href":"https:\/\/mit-menschen-wuppertal.de\/leicht\/wp-json\/wp\/v2\/types\/termin"}],"author":[{"embeddable":true,"href":"https:\/\/mit-menschen-wuppertal.de\/leicht\/wp-json\/wp\/v2\/users\/6"}],"version-history":[{"count":1,"href":"https:\/\/mit-menschen-wuppertal.de\/leicht\/wp-json\/wp\/v2\/termin\/3674\/revisions"}],"predecessor-version":[{"id":3675,"href":"https:\/\/mit-menschen-wuppertal.de\/leicht\/wp-json\/wp\/v2\/termin\/3674\/revisions\/3675"}],"wp:attachment":[{"href":"https:\/\/mit-menschen-wuppertal.de\/leicht\/wp-json\/wp\/v2\/media?parent=3674"}],"wp:term":[{"taxonomy":"category","embeddable":true,"href":"https:\/\/mit-menschen-wuppertal.de\/leicht\/wp-json\/wp\/v2\/categories?post=3674"},{"taxonomy":"post_tag","embeddable":true,"href":"https:\/\/mit-menschen-wuppertal.de\/leicht\/wp-json\/wp\/v2\/tags?post=3674"}],"curies":[{"name":"wp","href":"https:\/\/api.w.org\/{rel}","templated":true}]}}

<p>Gemeinsam wollen wir das Ladenlokal rocken. DJ Nameless legt wieder bei Mit-Menschen auf. Jeder ist willkommen und wir freuen uns über wilde Tanzeinlagen und leckere Getränke.</p>



<p>Vor Ort sind keine Assistenzen anwesend, wenn Hilfe gebraucht wird stehen wir aber gerne zur Verfügung.</p>



<p>Wir freuen uns gemeinsam mit Euch zu feiern!</p>



<p><strong>Kosten: </strong></p>



<p>5,- Euro Eintritt / Begleitpersonen haben freien Eintritt</p>



<p><strong>Mitbringen:</strong> </p>



<p>etwas Taschengeld (Getränke sind gegen eine kleine Gebühr an der “Bar” erhältlich)</p>



<p><strong>Treffpunkt: </strong></p>



<p>Ladenlokal “mittendrin” Friedrich-Ebert Str. 89</p>

<p>Gemeinsam wollen wir das Ladenlokal rocken. DJ Nameless legt wieder bei Mit-Menschen auf. Jeder ist willkommen und wir freuen uns über wilde Tanzeinlagen und leckere Getränke. Vor Ort sind keine Assistenzen anwesend, wenn Hilfe gebraucht wird stehen wir aber gerne zur Verfügung. Wir freuen uns gemeinsam mit Euch zu feiern! Kosten: 5,- Euro Eintritt /&#8230;</p>
