{"id":3662,"date":"2026-02-02T12:24:27","date_gmt":"2026-02-02T11:24:27","guid":{"rendered":"https:\/\/mit-menschen-wuppertal.de\/?post_type=termin&#038;p=3662"},"modified":"2026-02-02T12:24:28","modified_gmt":"2026-02-02T11:24:28","slug":"yoga-fuer-alle-erwachsene-jeden-dienstag","status":"publish","type":"termin","link":"https:\/\/mit-menschen-wuppertal.de\/leicht\/termin\/yoga-fuer-alle-erwachsene-jeden-dienstag\/","title":{"rendered":"Yoga f\u00fcr Alle &#8211; Erwachsene (jeden Dienstag)"},"content":{"rendered":"\n<p>Du willst dir etwas Gutes tun? Einfach mal durchatmen, dich bewegen und entspannen? Dann bist du hier genau richtig! Yoga f\u00fcr alle ist ein Kurs f\u00fcr alle Menschen &#8211; egal wie alt du bist, ob du Vorerfahrung hast oder k\u00f6rperliche Einschr\u00e4nkungen. Hier geht es nicht um Leistung. Du musst nichts \u201ek\u00f6nnen\u201c. Hier geht es ums Sp\u00fcren, ums Dasein &#8211; und darum, gut mit dir umzugehen.<\/p>\n\n\n\n<p><strong>Kosten:<\/strong><strong><\/strong><\/p>\n\n\n\n<p>10,- Euro pro Termin (Kosten k\u00f6nnen abgerechnet werden)<\/p>\n\n\n\n<p>Wenn Sie eine Einzelbegleitung brauchen, kommen noch zus\u00e4tzliche Assistenzkosten auf Sie zu.<\/p>\n\n\n\n<p><strong>Wo:<\/strong><\/p>\n\n\n\n<p>Ladenlokal \u201cmittendrin\u201d<\/p>\n\n\n\n<p>Friedrich-Ebert-Stra\u00dfe 89,<\/p>\n\n\n\n<p>42103 Wuppertal<\/p>\n\n\n\n<p><\/p>\n","protected":false},"excerpt":{"rendered":"<p>Du willst dir etwas Gutes tun? Einfach mal durchatmen, dich bewegen und entspannen? Dann bist du hier genau richtig! Yoga f\u00fcr alle ist ein Kurs f\u00fcr alle Menschen &#8211; egal wie alt du bist, ob du Vorerfahrung hast oder k\u00f6rperliche Einschr\u00e4nkungen. Hier geht es nicht um Leistung. Du musst nichts \u201ek\u00f6nnen\u201c. Hier geht es ums&#8230;<\/p>\n","protected":false},"author":6,"featured_media":0,"parent":0,"template":"","meta":{"_acf_changed":false,"_kad_blocks_custom_css":"","_kad_blocks_head_custom_js":"","_kad_blocks_body_custom_js":"","_kad_blocks_footer_custom_js":"","_kad_post_transparent":"","_kad_post_title":"","_kad_post_layout":"","_kad_post_sidebar_id":"","_kad_post_content_style":"","_kad_post_vertical_padding":"","_kad_post_feature":"","_kad_post_feature_position":"","_kad_post_header":false,"_kad_post_footer":false,"_kad_post_classname":"","footnotes":""},"categories":[],"tags":[],"class_list":["post-3662","termin","type-termin","status-publish","hentry"],"acf":[],"taxonomy_info":[],"featured_image_src_large":false,"author_info":{"display_name":"Katharina.Scheil","author_link":"https:\/\/mit-menschen-wuppertal.de\/leicht\/author\/katharina-scheil\/"},"comment_info":"","_links":{"self":[{"href":"https:\/\/mit-menschen-wuppertal.de\/leicht\/wp-json\/wp\/v2\/termin\/3662","targetHints":{"allow":["GET"]}}],"collection":[{"href":"https:\/\/mit-menschen-wuppertal.de\/leicht\/wp-json\/wp\/v2\/termin"}],"about":[{"href":"https:\/\/mit-menschen-wuppertal.de\/leicht\/wp-json\/wp\/v2\/types\/termin"}],"author":[{"embeddable":true,"href":"https:\/\/mit-menschen-wuppertal.de\/leicht\/wp-json\/wp\/v2\/users\/6"}],"version-history":[{"count":2,"href":"https:\/\/mit-menschen-wuppertal.de\/leicht\/wp-json\/wp\/v2\/termin\/3662\/revisions"}],"predecessor-version":[{"id":3704,"href":"https:\/\/mit-menschen-wuppertal.de\/leicht\/wp-json\/wp\/v2\/termin\/3662\/revisions\/3704"}],"wp:attachment":[{"href":"https:\/\/mit-menschen-wuppertal.de\/leicht\/wp-json\/wp\/v2\/media?parent=3662"}],"wp:term":[{"taxonomy":"category","embeddable":true,"href":"https:\/\/mit-menschen-wuppertal.de\/leicht\/wp-json\/wp\/v2\/categories?post=3662"},{"taxonomy":"post_tag","embeddable":true,"href":"https:\/\/mit-menschen-wuppertal.de\/leicht\/wp-json\/wp\/v2\/tags?post=3662"}],"curies":[{"name":"wp","href":"https:\/\/api.w.org\/{rel}","templated":true}]}}

Yoga für Alle &#8211; Erwachsene (jeden Dienstag)

<p>Du willst dir etwas Gutes tun? Einfach mal durchatmen, dich bewegen und entspannen? Dann bist du hier genau richtig! Yoga für alle ist ein Kurs für alle Menschen &#8211; egal wie alt du bist, ob du Vorerfahrung hast oder körperliche Einschränkungen. Hier geht es nicht um Leistung. Du musst nichts „können“. Hier geht es ums Spüren, ums Dasein &#8211; und darum, gut mit dir umzugehen.</p>



<p><strong>Kosten:</strong><strong></strong></p>



<p>10,- Euro pro Termin (Kosten können abgerechnet werden)</p>



<p>Wenn Sie eine Einzelbegleitung brauchen, kommen noch zusätzliche Assistenzkosten auf Sie zu.</p>



<p><strong>Wo:</strong></p>



<p>Ladenlokal “mittendrin”</p>



<p>Friedrich-Ebert-Straße 89,</p>



<p>42103 Wuppertal</p>



<p></p>

<p>Du willst dir etwas Gutes tun? Einfach mal durchatmen, dich bewegen und entspannen? Dann bist du hier genau richtig! Yoga für alle ist ein Kurs für alle Menschen &#8211; egal wie alt du bist, ob du Vorerfahrung hast oder körperliche Einschränkungen. Hier geht es nicht um Leistung. Du musst nichts „können“. Hier geht es ums&#8230;</p>
