{"id":3652,"date":"2026-02-02T12:08:54","date_gmt":"2026-02-02T11:08:54","guid":{"rendered":"https:\/\/mit-menschen-wuppertal.de\/?post_type=termin&#038;p=3652"},"modified":"2026-03-19T12:59:12","modified_gmt":"2026-03-19T11:59:12","slug":"kochen-erwachsene","status":"publish","type":"termin","link":"https:\/\/mit-menschen-wuppertal.de\/leicht\/termin\/kochen-erwachsene\/","title":{"rendered":"Kochen &#8211; Erwachsene (jeden 1. Sonntag im Monat)"},"content":{"rendered":"\n<p>Wir kochen gemeinsam leckere Gerichte, wir probieren uns aus mit Gew\u00fcrzen und Kr\u00e4utern.<\/p>\n\n\n\n<p>Anschlie\u00dfend lassen wir uns unsere gekochten Speisen schmecken.<\/p>\n\n\n\n<p><strong>Kosten:<\/strong><strong><\/strong><\/p>\n\n\n\n<p>45,- Euro pro Monat Assistenz \/ Leitung<\/p>\n\n\n\n<p>(quartalweise Abrechnung: 135,- pro Quartal)<\/p>\n\n\n\n<p>wenn Sie eine Einzelbegleitung brauchen, kommen noch zus\u00e4tzliche Assistenzkosten auf Sie zu.<\/p>\n\n\n\n<p><strong>Wo:<\/strong><\/p>\n\n\n\n<p>Ladenlokal \u201cmittendrin\u201d<\/p>\n\n\n\n<p>Friedrich-Ebert Str. 89, 42103 Wuppertal<\/p>\n","protected":false},"excerpt":{"rendered":"<p>Wir kochen gemeinsam leckere Gerichte, wir probieren uns aus mit Gew\u00fcrzen und Kr\u00e4utern. Anschlie\u00dfend lassen wir uns unsere gekochten Speisen schmecken. Kosten: 45,- Euro pro Monat Assistenz \/ Leitung (quartalweise Abrechnung: 135,- pro Quartal) wenn Sie eine Einzelbegleitung brauchen, kommen noch zus\u00e4tzliche Assistenzkosten auf Sie zu. Wo: Ladenlokal \u201cmittendrin\u201d Friedrich-Ebert Str. 89, 42103 Wuppertal<\/p>\n","protected":false},"author":6,"featured_media":0,"parent":0,"template":"","meta":{"_acf_changed":false,"_kad_blocks_custom_css":"","_kad_blocks_head_custom_js":"","_kad_blocks_body_custom_js":"","_kad_blocks_footer_custom_js":"","_kad_post_transparent":"","_kad_post_title":"","_kad_post_layout":"","_kad_post_sidebar_id":"","_kad_post_content_style":"","_kad_post_vertical_padding":"","_kad_post_feature":"","_kad_post_feature_position":"","_kad_post_header":false,"_kad_post_footer":false,"_kad_post_classname":"","footnotes":""},"categories":[50],"tags":[],"class_list":["post-3652","termin","type-termin","status-publish","hentry","category-gruppen"],"acf":[],"taxonomy_info":{"category":[{"value":50,"label":"Gruppen"}]},"featured_image_src_large":false,"author_info":{"display_name":"Katharina.Scheil","author_link":"https:\/\/mit-menschen-wuppertal.de\/leicht\/author\/katharina-scheil\/"},"comment_info":"","_links":{"self":[{"href":"https:\/\/mit-menschen-wuppertal.de\/leicht\/wp-json\/wp\/v2\/termin\/3652","targetHints":{"allow":["GET"]}}],"collection":[{"href":"https:\/\/mit-menschen-wuppertal.de\/leicht\/wp-json\/wp\/v2\/termin"}],"about":[{"href":"https:\/\/mit-menschen-wuppertal.de\/leicht\/wp-json\/wp\/v2\/types\/termin"}],"author":[{"embeddable":true,"href":"https:\/\/mit-menschen-wuppertal.de\/leicht\/wp-json\/wp\/v2\/users\/6"}],"version-history":[{"count":4,"href":"https:\/\/mit-menschen-wuppertal.de\/leicht\/wp-json\/wp\/v2\/termin\/3652\/revisions"}],"predecessor-version":[{"id":3698,"href":"https:\/\/mit-menschen-wuppertal.de\/leicht\/wp-json\/wp\/v2\/termin\/3652\/revisions\/3698"}],"wp:attachment":[{"href":"https:\/\/mit-menschen-wuppertal.de\/leicht\/wp-json\/wp\/v2\/media?parent=3652"}],"wp:term":[{"taxonomy":"category","embeddable":true,"href":"https:\/\/mit-menschen-wuppertal.de\/leicht\/wp-json\/wp\/v2\/categories?post=3652"},{"taxonomy":"post_tag","embeddable":true,"href":"https:\/\/mit-menschen-wuppertal.de\/leicht\/wp-json\/wp\/v2\/tags?post=3652"}],"curies":[{"name":"wp","href":"https:\/\/api.w.org\/{rel}","templated":true}]}}

<p>Wir kochen gemeinsam leckere Gerichte, wir probieren uns aus mit Gewürzen und Kräutern.</p>



<p>Anschließend lassen wir uns unsere gekochten Speisen schmecken.</p>



<p><strong>Kosten:</strong><strong></strong></p>



<p>45,- Euro pro Monat Assistenz / Leitung</p>



<p>(quartalweise Abrechnung: 135,- pro Quartal)</p>



<p>wenn Sie eine Einzelbegleitung brauchen, kommen noch zusätzliche Assistenzkosten auf Sie zu.</p>



<p><strong>Wo:</strong></p>



<p>Ladenlokal “mittendrin”</p>



<p>Friedrich-Ebert Str. 89, 42103 Wuppertal</p>

<p>Wir kochen gemeinsam leckere Gerichte, wir probieren uns aus mit Gewürzen und Kräutern. Anschließend lassen wir uns unsere gekochten Speisen schmecken. Kosten: 45,- Euro pro Monat Assistenz / Leitung (quartalweise Abrechnung: 135,- pro Quartal) wenn Sie eine Einzelbegleitung brauchen, kommen noch zusätzliche Assistenzkosten auf Sie zu. Wo: Ladenlokal “mittendrin” Friedrich-Ebert Str. 89, 42103 Wuppertal</p>
