{"id":3640,"date":"2026-02-02T12:25:41","date_gmt":"2026-02-02T11:25:41","guid":{"rendered":"https:\/\/mit-menschen-wuppertal.de\/?post_type=termin&#038;p=3640"},"modified":"2026-02-02T12:25:42","modified_gmt":"2026-02-02T11:25:42","slug":"osterferien-betreuung","status":"publish","type":"termin","link":"https:\/\/mit-menschen-wuppertal.de\/leicht\/termin\/osterferien-betreuung\/","title":{"rendered":"Osterferien-Betreuung"},"content":{"rendered":"\n<p><strong>Kosten:<\/strong><\/p>\n\n\n\n<p><strong>09:00 \u2013 14:00 Uhr<\/strong><\/p>\n\n\n\n<p>1:2 Betreuung 160,- Euro (Abrechnung m\u00f6glich)*<\/p>\n\n\n\n<p>1:1 Betreuung 320,- Euro (Abrechnung m\u00f6glich)*<\/p>\n\n\n\n<p>Zus\u00e4tzlich 25,- Euro Selbstzahler-Anteil<\/p>\n\n\n\n<p><strong>09:00 \u2013 16:00 Uhr<\/strong><\/p>\n\n\n\n<p>1:2 Betreuung 280,- Euro (Abrechnung m\u00f6glich)*<\/p>\n\n\n\n<p>1:1 Betreuung 480,- Euro (Abrechnung m\u00f6glich)*<\/p>\n\n\n\n<p>Zus\u00e4tzlich 50,- Euro Selbstzahler-Anteil<\/p>\n\n\n\n<p><strong>Wann:<\/strong><strong><\/strong><\/p>\n\n\n\n<p>1. Woche und 2. Woche<\/p>\n\n\n\n<p>Mo. 30.03.26 \u2013 Fr. 02.04.26 und<\/p>\n\n\n\n<p>Mo. 07.04.26 &#8211; Fr. 10.04.26<\/p>\n\n\n\n<p><strong>Treffpunkt:<\/strong> <\/p>\n\n\n\n<p>Ladenlokal \u201emittendrin\u201c Friedrich-Ebert-Stra\u00dfe 89, 42103 Wuppertal<\/p>\n\n\n\n<p><\/p>\n","protected":false},"excerpt":{"rendered":"<p>Kosten: 09:00 \u2013 14:00 Uhr 1:2 Betreuung 160,- Euro (Abrechnung m\u00f6glich)* 1:1 Betreuung 320,- Euro (Abrechnung m\u00f6glich)* Zus\u00e4tzlich 25,- Euro Selbstzahler-Anteil 09:00 \u2013 16:00 Uhr 1:2 Betreuung 280,- Euro (Abrechnung m\u00f6glich)* 1:1 Betreuung 480,- Euro (Abrechnung m\u00f6glich)* Zus\u00e4tzlich 50,- Euro Selbstzahler-Anteil Wann: 1. Woche und 2. Woche Mo. 30.03.26 \u2013 Fr. 02.04.26 und Mo. 07.04.26&#8230;<\/p>\n","protected":false},"author":6,"featured_media":0,"parent":0,"template":"","meta":{"_acf_changed":false,"_kad_blocks_custom_css":"","_kad_blocks_head_custom_js":"","_kad_blocks_body_custom_js":"","_kad_blocks_footer_custom_js":"","_kad_post_transparent":"","_kad_post_title":"","_kad_post_layout":"","_kad_post_sidebar_id":"","_kad_post_content_style":"","_kad_post_vertical_padding":"","_kad_post_feature":"","_kad_post_feature_position":"","_kad_post_header":false,"_kad_post_footer":false,"_kad_post_classname":"","footnotes":""},"categories":[48],"tags":[],"class_list":["post-3640","termin","type-termin","status-publish","hentry","category-osterferien"],"acf":[],"taxonomy_info":{"category":[{"value":48,"label":"Osterferien"}]},"featured_image_src_large":false,"author_info":{"display_name":"Katharina.Scheil","author_link":"https:\/\/mit-menschen-wuppertal.de\/leicht\/author\/katharina-scheil\/"},"comment_info":"","_links":{"self":[{"href":"https:\/\/mit-menschen-wuppertal.de\/leicht\/wp-json\/wp\/v2\/termin\/3640","targetHints":{"allow":["GET"]}}],"collection":[{"href":"https:\/\/mit-menschen-wuppertal.de\/leicht\/wp-json\/wp\/v2\/termin"}],"about":[{"href":"https:\/\/mit-menschen-wuppertal.de\/leicht\/wp-json\/wp\/v2\/types\/termin"}],"author":[{"embeddable":true,"href":"https:\/\/mit-menschen-wuppertal.de\/leicht\/wp-json\/wp\/v2\/users\/6"}],"version-history":[{"count":2,"href":"https:\/\/mit-menschen-wuppertal.de\/leicht\/wp-json\/wp\/v2\/termin\/3640\/revisions"}],"predecessor-version":[{"id":3642,"href":"https:\/\/mit-menschen-wuppertal.de\/leicht\/wp-json\/wp\/v2\/termin\/3640\/revisions\/3642"}],"wp:attachment":[{"href":"https:\/\/mit-menschen-wuppertal.de\/leicht\/wp-json\/wp\/v2\/media?parent=3640"}],"wp:term":[{"taxonomy":"category","embeddable":true,"href":"https:\/\/mit-menschen-wuppertal.de\/leicht\/wp-json\/wp\/v2\/categories?post=3640"},{"taxonomy":"post_tag","embeddable":true,"href":"https:\/\/mit-menschen-wuppertal.de\/leicht\/wp-json\/wp\/v2\/tags?post=3640"}],"curies":[{"name":"wp","href":"https:\/\/api.w.org\/{rel}","templated":true}]}}

<p><strong>Kosten:</strong></p>



<p><strong>09:00 – 14:00 Uhr</strong></p>



<p>1:2 Betreuung 160,- Euro (Abrechnung möglich)*</p>



<p>1:1 Betreuung 320,- Euro (Abrechnung möglich)*</p>



<p>Zusätzlich 25,- Euro Selbstzahler-Anteil</p>



<p><strong>09:00 – 16:00 Uhr</strong></p>



<p>1:2 Betreuung 280,- Euro (Abrechnung möglich)*</p>



<p>1:1 Betreuung 480,- Euro (Abrechnung möglich)*</p>



<p>Zusätzlich 50,- Euro Selbstzahler-Anteil</p>



<p><strong>Wann:</strong><strong></strong></p>



<p>1. Woche und 2. Woche</p>



<p>Mo. 30.03.26 – Fr. 02.04.26 und</p>



<p>Mo. 07.04.26 &#8211; Fr. 10.04.26</p>



<p><strong>Treffpunkt:</strong> </p>



<p>Ladenlokal „mittendrin“ Friedrich-Ebert-Straße 89, 42103 Wuppertal</p>



<p></p>

<p>Kosten: 09:00 – 14:00 Uhr 1:2 Betreuung 160,- Euro (Abrechnung möglich)* 1:1 Betreuung 320,- Euro (Abrechnung möglich)* Zusätzlich 25,- Euro Selbstzahler-Anteil 09:00 – 16:00 Uhr 1:2 Betreuung 280,- Euro (Abrechnung möglich)* 1:1 Betreuung 480,- Euro (Abrechnung möglich)* Zusätzlich 50,- Euro Selbstzahler-Anteil Wann: 1. Woche und 2. Woche Mo. 30.03.26 – Fr. 02.04.26 und Mo. 07.04.26&#8230;</p>
